{"id":2878,"date":"2020-08-27T22:10:39","date_gmt":"2020-08-27T22:10:39","guid":{"rendered":"https:\/\/osmangaziokullari.com\/ozluce-k\/?page_id=2878"},"modified":"2021-02-14T13:25:07","modified_gmt":"2021-02-14T13:25:07","slug":"8-siniflar","status":"publish","type":"page","link":"https:\/\/osmangaziokullari.com\/ozluce-k\/uzaktan-egitim\/8-siniflar\/","title":{"rendered":"8.S\u0131n\u0131flar"},"content":{"rendered":"\n<p>Uzaktan e\u011fitim program\u0131n\u0131za eri\u015fmek i\u00e7in s\u0131n\u0131f\u0131n\u0131za t\u0131klay\u0131n\u0131z.&nbsp;<\/p>\n<a href=\"https:\/\/osmangaziokullari.com\/ozluce-k\/uzaktan-egitim\/8-siniflar\/8a-sinifi\/\" target=\"_self\" class=\"button primary is-outline is-xlarge\"  style=\"border-radius:10px;\">\n    <span>8A<\/span>\n  <\/a>\n\n\n<a href=\"https:\/\/osmangaziokullari.com\/ozluce-k\/uzaktan-egitim\/8-siniflar\/8b-sinifi\/\" target=\"_self\" class=\"button primary is-outline is-xlarge\"  style=\"border-radius:10px;\">\n    <span>8B<\/span>\n  <\/a>\n\n\n<a href=\"https:\/\/osmangaziokullari.com\/ozluce-k\/uzaktan-egitim\/8-siniflar\/8c-sinifi\/\" target=\"_self\" class=\"button primary is-outline is-xlarge\"  style=\"border-radius:10px;\">\n    <span>8C<\/span>\n  <\/a>\n\n\n<a href=\"https:\/\/osmangaziokullari.com\/ozluce-k\/uzaktan-egitim\/8-siniflar\/8d-sinifi\/\" target=\"_self\" class=\"button primary is-outline is-xlarge\"  style=\"border-radius:10px;\">\n    <span>8D<\/span>\n  <\/a>\n\n\t<div id=\"gap-1746851876\" class=\"gap-element clearfix\" style=\"display:block; height:auto;\">\n\t\t\n<style>\n#gap-1746851876 {\n  padding-top: 171px;\n}\n<\/style>\n\t<\/div>\n\t\n","protected":false},"excerpt":{"rendered":"<p>Uzaktan e\u011fitim program\u0131n\u0131za eri\u015fmek i\u00e7in s\u0131n\u0131f\u0131n\u0131za t\u0131klay\u0131n\u0131z.&nbsp;<\/p>\n","protected":false},"author":1,"featured_media":0,"parent":2121,"menu_order":8,"comment_status":"closed","ping_status":"closed","template":"page-blank-sub-nav-vertical.php","meta":[],"_links":{"self":[{"href":"https:\/\/osmangaziokullari.com\/ozluce-k\/wp-json\/wp\/v2\/pages\/2878"}],"collection":[{"href":"https:\/\/osmangaziokullari.com\/ozluce-k\/wp-json\/wp\/v2\/pages"}],"about":[{"href":"https:\/\/osmangaziokullari.com\/ozluce-k\/wp-json\/wp\/v2\/types\/page"}],"author":[{"embeddable":true,"href":"https:\/\/osmangaziokullari.com\/ozluce-k\/wp-json\/wp\/v2\/users\/1"}],"replies":[{"embeddable":true,"href":"https:\/\/osmangaziokullari.com\/ozluce-k\/wp-json\/wp\/v2\/comments?post=2878"}],"version-history":[{"count":1,"href":"https:\/\/osmangaziokullari.com\/ozluce-k\/wp-json\/wp\/v2\/pages\/2878\/revisions"}],"predecessor-version":[{"id":4663,"href":"https:\/\/osmangaziokullari.com\/ozluce-k\/wp-json\/wp\/v2\/pages\/2878\/revisions\/4663"}],"up":[{"embeddable":true,"href":"https:\/\/osmangaziokullari.com\/ozluce-k\/wp-json\/wp\/v2\/pages\/2121"}],"wp:attachment":[{"href":"https:\/\/osmangaziokullari.com\/ozluce-k\/wp-json\/wp\/v2\/media?parent=2878"}],"curies":[{"name":"wp","href":"https:\/\/api.w.org\/{rel}","templated":true}]}}