{"id":2850,"date":"2020-08-27T21:48:38","date_gmt":"2020-08-27T21:48:38","guid":{"rendered":"https:\/\/osmangaziokullari.com\/ozluce-k\/?page_id=2850"},"modified":"2022-03-10T05:16:04","modified_gmt":"2022-03-10T05:16:04","slug":"6-siniflar","status":"publish","type":"page","link":"https:\/\/osmangaziokullari.com\/ozluce-k\/uzaktan-egitim\/6-siniflar\/","title":{"rendered":"6. S\u0131n\u0131flar"},"content":{"rendered":"\n<p>Uzaktan e\u011fitim program\u0131n\u0131za eri\u015fmek i\u00e7in s\u0131n\u0131f\u0131n\u0131za t\u0131klay\u0131n\u0131z.&nbsp;<\/p>\n<a href=\"https:\/\/osmangaziokullari.com\/ozluce-k\/uzaktan-egitim\/6-siniflar\/6a-sinifi\/\" target=\"_self\" class=\"button primary is-outline is-xlarge\"  style=\"border-radius:10px;\">\n    <span>6A<\/span>\n  <\/a>\n\n\n<a href=\"https:\/\/osmangaziokullari.com\/ozluce-k\/uzaktan-egitim\/6-siniflar\/6b-sinifi\/\" target=\"_self\" class=\"button primary is-outline is-xlarge\"  style=\"border-radius:10px;\">\n    <span>6B<\/span>\n  <\/a>\n\n\n<a href=\"https:\/\/osmangaziokullari.com\/ozluce-k\/uzaktan-egitim\/6-siniflar\/6c-sinifi\/\" target=\"_self\" class=\"button primary is-outline is-xlarge\"  style=\"border-radius:10px;\">\n    <span>6C<\/span>\n  <\/a>\n\n\n<a href=\"https:\/\/osmangaziokullari.com\/ozluce-k\/uzaktan-egitim\/6-siniflar\/6d-sinifi\/\" target=\"_self\" class=\"button primary is-outline is-xlarge\"  style=\"border-radius:10px;\">\n    <span>6D<\/span>\n  <\/a>\n\n\n<a href=\"https:\/\/osmangaziokullari.com\/ozluce-k\/uzaktan-egitim\/6-siniflar\/6e-sinifi\/\" target=\"_self\" class=\"button primary is-outline is-xlarge\"  style=\"border-radius:10px;\">\n    <span>6E<\/span>\n  <\/a>\n\n\n\t<div id=\"gap-1084694428\" class=\"gap-element clearfix\" style=\"display:block; height:auto;\">\n\t\t\n<style>\n#gap-1084694428 {\n  padding-top: 171px;\n}\n<\/style>\n\t<\/div>\n\t\n\n\n","protected":false},"excerpt":{"rendered":"","protected":false},"author":1,"featured_media":0,"parent":2121,"menu_order":6,"comment_status":"closed","ping_status":"closed","template":"page-blank-sub-nav-vertical.php","meta":[],"_links":{"self":[{"href":"https:\/\/osmangaziokullari.com\/ozluce-k\/wp-json\/wp\/v2\/pages\/2850"}],"collection":[{"href":"https:\/\/osmangaziokullari.com\/ozluce-k\/wp-json\/wp\/v2\/pages"}],"about":[{"href":"https:\/\/osmangaziokullari.com\/ozluce-k\/wp-json\/wp\/v2\/types\/page"}],"author":[{"embeddable":true,"href":"https:\/\/osmangaziokullari.com\/ozluce-k\/wp-json\/wp\/v2\/users\/1"}],"replies":[{"embeddable":true,"href":"https:\/\/osmangaziokullari.com\/ozluce-k\/wp-json\/wp\/v2\/comments?post=2850"}],"version-history":[{"count":1,"href":"https:\/\/osmangaziokullari.com\/ozluce-k\/wp-json\/wp\/v2\/pages\/2850\/revisions"}],"predecessor-version":[{"id":5188,"href":"https:\/\/osmangaziokullari.com\/ozluce-k\/wp-json\/wp\/v2\/pages\/2850\/revisions\/5188"}],"up":[{"embeddable":true,"href":"https:\/\/osmangaziokullari.com\/ozluce-k\/wp-json\/wp\/v2\/pages\/2121"}],"wp:attachment":[{"href":"https:\/\/osmangaziokullari.com\/ozluce-k\/wp-json\/wp\/v2\/media?parent=2850"}],"curies":[{"name":"wp","href":"https:\/\/api.w.org\/{rel}","templated":true}]}}