{"id":2449,"date":"2020-07-26T14:00:24","date_gmt":"2020-07-26T11:00:24","guid":{"rendered":"http:\/\/46.101.184.248\/?page_id=1047"},"modified":"2025-12-25T11:05:10","modified_gmt":"2025-12-25T11:05:10","slug":"okul-servisi","status":"publish","type":"page","link":"https:\/\/osmangaziokullari.com\/ozluce-k\/okulumuz\/okul-servisi\/","title":{"rendered":"Servis Hizmetimiz"},"content":{"rendered":"\n<div class=\"row\"  id=\"row-950964121\">\n\n\n\t<div id=\"col-1244315235\" class=\"col medium-6 small-12 large-6\"  >\n\t\t\t\t<div class=\"col-inner\"  >\n\t\t\t\n\t\t\t\n\n<p class=\"lead\">Okulumuzda servis hizmeti, en y\u00fcksek kalite ve g\u00fcvenlik standartlar\u0131nda sunulmaktad\u0131r.<br \/>\n\u00d6\u011frencilerimizin g\u00fcvenli\u011fi ve konforu her zaman birinci \u00f6nceli\u011fimizdir.<\/p>\n\n\t\t<\/div>\n\t\t\t\t\t<\/div>\n\n\t\n\n\t<div id=\"col-1204229447\" class=\"col medium-6 small-12 large-6\"  >\n\t\t\t\t<div class=\"col-inner\"  >\n\t\t\t\n\t\t\t\n\n\t<div class=\"img has-hover x md-x lg-x y md-y lg-y\" id=\"image_183267908\">\n\t\t\t\t\t\t\t\t<div class=\"img-inner image-cover dark\" style=\"padding-top:56.25%;\">\n\t\t\t<img width=\"1020\" height=\"1020\" src=\"https:\/\/osmangaziokullari.com\/ozluce-k\/wp-content\/uploads\/2025\/12\/Okulumuzda-Servis-Hizmeti-1024x1024.jpg\" class=\"attachment-large size-large\" alt=\"\" loading=\"lazy\" srcset=\"https:\/\/osmangaziokullari.com\/ozluce-k\/wp-content\/uploads\/2025\/12\/Okulumuzda-Servis-Hizmeti-1024x1024.jpg 1024w, https:\/\/osmangaziokullari.com\/ozluce-k\/wp-content\/uploads\/2025\/12\/Okulumuzda-Servis-Hizmeti-300x300.jpg 300w, https:\/\/osmangaziokullari.com\/ozluce-k\/wp-content\/uploads\/2025\/12\/Okulumuzda-Servis-Hizmeti-150x150.jpg 150w, https:\/\/osmangaziokullari.com\/ozluce-k\/wp-content\/uploads\/2025\/12\/Okulumuzda-Servis-Hizmeti-768x768.jpg 768w, https:\/\/osmangaziokullari.com\/ozluce-k\/wp-content\/uploads\/2025\/12\/Okulumuzda-Servis-Hizmeti-250x250.jpg 250w, https:\/\/osmangaziokullari.com\/ozluce-k\/wp-content\/uploads\/2025\/12\/Okulumuzda-Servis-Hizmeti-510x510.jpg 510w, https:\/\/osmangaziokullari.com\/ozluce-k\/wp-content\/uploads\/2025\/12\/Okulumuzda-Servis-Hizmeti-100x100.jpg 100w, https:\/\/osmangaziokullari.com\/ozluce-k\/wp-content\/uploads\/2025\/12\/Okulumuzda-Servis-Hizmeti.jpg 1080w\" sizes=\"(max-width: 1020px) 100vw, 1020px\" \/>\t\t\t\t\t\t\n\t\t\t\t\t<\/div>\n\t\t\t\t\t\t\t\t\n<style>\n#image_183267908 {\n  width: 100%;\n}\n<\/style>\n\t<\/div>\n\t\n\n\n\t\t<\/div>\n\t\t\t\t\t<\/div>\n\n\t\n\n\t<div id=\"col-63801615\" class=\"col small-12 large-12\"  >\n\t\t\t\t<div class=\"col-inner\"  >\n\t\t\t\n\t\t\t\n\n<p>\u00d6\u011frencilerimiz, modern ve donan\u0131ml\u0131 ara\u00e7larla evlerinden g\u00fcvenle al\u0131n\u0131r, okula ula\u015f\u0131m\u0131 sa\u011flan\u0131r ve ders bitiminde ayn\u0131 \u00f6zenle evlerine b\u0131rak\u0131l\u0131r.<br \/>\nBu s\u00fcre\u00e7te g\u00f6revli rehber personelimiz, yolculuk boyunca \u00f6\u011frencilerimize e\u015flik eder ve g\u00fcvenli bir ortam olu\u015fturur.\n<\/p>\n<p>\u00d6\u011frencilerimiz, modern ve donan\u0131ml\u0131 ara\u00e7larla evlerinden g\u00fcvenle al\u0131n\u0131r, okula ula\u015f\u0131m\u0131 sa\u011flan\u0131r ve ders bitiminde ayn\u0131 \u00f6zenle evlerine b\u0131rak\u0131l\u0131r.<br \/>\nBu s\u00fcre\u00e7te g\u00f6revli rehber personelimiz, yolculuk boyunca \u00f6\u011frencilerimize e\u015flik eder ve g\u00fcvenli bir ortam olu\u015fturur.<\/p>\n\n\t\t<\/div>\n\t\t\t\t\t<\/div>\n\n\t\n\n<\/div>\n<div class=\"container section-title-container\" ><h3 class=\"section-title section-title-normal\"><b><\/b><span class=\"section-title-main\" >Okullar\u0131m\u0131z\u0131n Konumlar\u0131<\/span><b><\/b><\/h3><\/div>\n\n<div class=\"row\"  id=\"row-6277135\">\n\n\n\t<div id=\"col-784085445\" class=\"col medium-6 small-12 large-6\"  >\n\t\t\t\t<div class=\"col-inner\"  >\n\t\t\t\n\t\t\t\n\n\t<div class=\"box has-hover   has-hover box-shadow-2 box-push box-text-bottom\" >\n\n\t\t<div class=\"box-image\" >\n\t\t\t\t\t\t<div class=\"image-cover\" style=\"padding-top:75%;\">\n\t\t\t\t<img width=\"422\" height=\"422\" src=\"https:\/\/osmangaziokullari.com\/ozluce-k\/wp-content\/uploads\/2020\/07\/osmangazi-okullari-101.jpg\" class=\"attachment- size-\" alt=\"\" loading=\"lazy\" srcset=\"https:\/\/osmangaziokullari.com\/ozluce-k\/wp-content\/uploads\/2020\/07\/osmangazi-okullari-101.jpg 422w, https:\/\/osmangaziokullari.com\/ozluce-k\/wp-content\/uploads\/2020\/07\/osmangazi-okullari-101-300x300.jpg 300w, https:\/\/osmangaziokullari.com\/ozluce-k\/wp-content\/uploads\/2020\/07\/osmangazi-okullari-101-150x150.jpg 150w, https:\/\/osmangaziokullari.com\/ozluce-k\/wp-content\/uploads\/2020\/07\/osmangazi-okullari-101-250x250.jpg 250w, https:\/\/osmangaziokullari.com\/ozluce-k\/wp-content\/uploads\/2020\/07\/osmangazi-okullari-101-100x100.jpg 100w\" sizes=\"(max-width: 422px) 100vw, 422px\" \/>\t\t\t\t\t\t\t\t\t\t\t<\/div>\n\t\t\t\t\t<\/div>\n\n\t\t<div class=\"box-text text-center\" >\n\t\t\t<div class=\"box-text-inner\">\n\t\t\t\t\n\n<h4>\u00d6zl\u00fcce Kamp\u00fcs\u00fc<\/h4>\n<p>Ertu\u011frul Mahallesi Savc\u0131 Do\u011fan \u00d6z Caddesi No:4 Nil\u00fcfer \/ BURSA<\/p>\n<a href=\"https:\/\/share.google\/enElNBGKEIjCgALRD\" target=\"_self\" class=\"button primary is-underline\" rel=\"nofollow noopener\">\n    <span>Yol Tarifi<\/span>\n  <i class=\"icon-map-pin-fill\" ><\/i><\/a>\n\n\n\n\t\t\t<\/div>\n\t\t<\/div>\n\t<\/div>\n\t\n\n\t\t<\/div>\n\t\t\t\t\t<\/div>\n\n\t\n\n\t<div id=\"col-430930717\" class=\"col medium-6 small-12 large-6\"  >\n\t\t\t\t<div class=\"col-inner\"  >\n\t\t\t\n\t\t\t\n\n\t<div class=\"box has-hover   has-hover box-shadow-2 box-push box-text-bottom\" >\n\n\t\t<div class=\"box-image\" >\n\t\t\t\t\t\t<div class=\"image-cover\" style=\"padding-top:75%;\">\n\t\t\t\t<img width=\"422\" height=\"422\" src=\"https:\/\/osmangaziokullari.com\/ozluce-k\/wp-content\/uploads\/2020\/07\/osmangazi-okullari-100-1.jpg\" class=\"attachment- size-\" alt=\"\" loading=\"lazy\" srcset=\"https:\/\/osmangaziokullari.com\/ozluce-k\/wp-content\/uploads\/2020\/07\/osmangazi-okullari-100-1.jpg 422w, https:\/\/osmangaziokullari.com\/ozluce-k\/wp-content\/uploads\/2020\/07\/osmangazi-okullari-100-1-300x300.jpg 300w, https:\/\/osmangaziokullari.com\/ozluce-k\/wp-content\/uploads\/2020\/07\/osmangazi-okullari-100-1-150x150.jpg 150w, https:\/\/osmangaziokullari.com\/ozluce-k\/wp-content\/uploads\/2020\/07\/osmangazi-okullari-100-1-250x250.jpg 250w, https:\/\/osmangaziokullari.com\/ozluce-k\/wp-content\/uploads\/2020\/07\/osmangazi-okullari-100-1-100x100.jpg 100w\" sizes=\"(max-width: 422px) 100vw, 422px\" \/>\t\t\t\t\t\t\t\t\t\t\t<\/div>\n\t\t\t\t\t<\/div>\n\n\t\t<div class=\"box-text text-center\" >\n\t\t\t<div class=\"box-text-inner\">\n\t\t\t\t\n\n<h4>\u00c7aml\u0131ca Kamp\u00fcs\u00fc<\/h4>\n<p>\u00c7aml\u0131ca Mahallesi<br \/>\nZafer Sokak No: 39<br \/>\nNil\u00fcfer \/ Bursa<\/p>\n<a href=\"https:\/\/share.google\/vXFIsCjbkuVg88yV1\" target=\"_self\" class=\"button primary is-underline\" rel=\"nofollow noopener\">\n    <span>Yol Tarifi<\/span>\n  <i class=\"icon-map-pin-fill\" ><\/i><\/a>\n\n\n\n\t\t\t<\/div>\n\t\t<\/div>\n\t<\/div>\n\t\n\n\t\t<\/div>\n\t\t\t\t\t<\/div>\n\n\t\n\n\t<div id=\"col-922946175\" class=\"col medium-6 small-12 large-6\"  >\n\t\t\t\t<div class=\"col-inner\"  >\n\t\t\t\n\t\t\t\n\n\t<div class=\"box has-hover   has-hover box-shadow-2 box-push box-text-bottom\" >\n\n\t\t<div class=\"box-image\" >\n\t\t\t\t\t\t<div class=\"image-cover\" style=\"padding-top:75%;\">\n\t\t\t\t<img width=\"400\" height=\"400\" src=\"https:\/\/osmangaziokullari.com\/ozluce-k\/wp-content\/uploads\/2020\/07\/osmangazi-okullari-103.jpg\" class=\"attachment- size-\" alt=\"\" loading=\"lazy\" srcset=\"https:\/\/osmangaziokullari.com\/ozluce-k\/wp-content\/uploads\/2020\/07\/osmangazi-okullari-103.jpg 400w, https:\/\/osmangaziokullari.com\/ozluce-k\/wp-content\/uploads\/2020\/07\/osmangazi-okullari-103-300x300.jpg 300w, https:\/\/osmangaziokullari.com\/ozluce-k\/wp-content\/uploads\/2020\/07\/osmangazi-okullari-103-150x150.jpg 150w, https:\/\/osmangaziokullari.com\/ozluce-k\/wp-content\/uploads\/2020\/07\/osmangazi-okullari-103-250x250.jpg 250w, https:\/\/osmangaziokullari.com\/ozluce-k\/wp-content\/uploads\/2020\/07\/osmangazi-okullari-103-100x100.jpg 100w\" sizes=\"(max-width: 400px) 100vw, 400px\" \/>\t\t\t\t\t\t\t\t\t\t\t<\/div>\n\t\t\t\t\t<\/div>\n\n\t\t<div class=\"box-text text-center\" >\n\t\t\t<div class=\"box-text-inner\">\n\t\t\t\t\n\n<h4>Y\u0131ldr\u0131m Kamp\u00fcs\u00fc<\/h4>\n<p>\u0130stiklal Mah.<br \/>\nS\u00fcmer Sok. No:4<br \/>\nG\u00fcrsu \/ BURSA<\/p>\n<a href=\"https:\/\/share.google\/hzdtVR4mvuN8mXGAK\" target=\"_self\" class=\"button primary is-underline\" rel=\"nofollow noopener\">\n    <span>Yol Tarifi<\/span>\n  <i class=\"icon-map-pin-fill\" ><\/i><\/a>\n\n\n\n\t\t\t<\/div>\n\t\t<\/div>\n\t<\/div>\n\t\n\n\t\t<\/div>\n\t\t\t\t\t<\/div>\n\n\t\n\n\t<div id=\"col-1004029576\" class=\"col medium-6 small-12 large-6\"  >\n\t\t\t\t<div class=\"col-inner\"  >\n\t\t\t\n\t\t\t\n\n\t<div class=\"box has-hover   has-hover box-shadow-2 box-push box-text-bottom\" >\n\n\t\t<div class=\"box-image\" >\n\t\t\t\t\t\t<div class=\"image-cover\" style=\"padding-top:75%;\">\n\t\t\t\t<img width=\"450\" height=\"450\" src=\"https:\/\/osmangaziokullari.com\/ozluce-k\/wp-content\/uploads\/2020\/07\/osmangazi-okullari-102.jpg\" class=\"attachment- size-\" alt=\"\" loading=\"lazy\" srcset=\"https:\/\/osmangaziokullari.com\/ozluce-k\/wp-content\/uploads\/2020\/07\/osmangazi-okullari-102.jpg 450w, https:\/\/osmangaziokullari.com\/ozluce-k\/wp-content\/uploads\/2020\/07\/osmangazi-okullari-102-300x300.jpg 300w, https:\/\/osmangaziokullari.com\/ozluce-k\/wp-content\/uploads\/2020\/07\/osmangazi-okullari-102-150x150.jpg 150w, https:\/\/osmangaziokullari.com\/ozluce-k\/wp-content\/uploads\/2020\/07\/osmangazi-okullari-102-250x250.jpg 250w, https:\/\/osmangaziokullari.com\/ozluce-k\/wp-content\/uploads\/2020\/07\/osmangazi-okullari-102-100x100.jpg 100w\" sizes=\"(max-width: 450px) 100vw, 450px\" \/>\t\t\t\t\t\t\t\t\t\t\t<\/div>\n\t\t\t\t\t<\/div>\n\n\t\t<div class=\"box-text text-center\" >\n\t\t\t<div class=\"box-text-inner\">\n\t\t\t\t\n\n<h4>\u0130neg\u00f6l Kamp\u00fcs\u00fc<\/h4>\n<p>Yenicek\u00f6y Mahallesi,<br \/>\n515 Sok, No: 48 \u2013 16440<br \/>\n\u0130neg\u00f6l \/ BURSA<\/p>\n<a href=\"https:\/\/share.google\/a5FP9m7psbBlwRKLN\" target=\"_self\" class=\"button primary is-underline\" rel=\"nofollow noopener\">\n    <span>Yol Tarifi<\/span>\n  <i class=\"icon-map-pin-fill\" ><\/i><\/a>\n\n\n\n\t\t\t<\/div>\n\t\t<\/div>\n\t<\/div>\n\t\n\n\t\t<\/div>\n\t\t\t\t\t<\/div>\n\n\t\n\n<\/div>\n\n","protected":false},"excerpt":{"rendered":"","protected":false},"author":1,"featured_media":1070,"parent":2445,"menu_order":0,"comment_status":"closed","ping_status":"closed","template":"page-blank-sub-nav-vertical.php","meta":[],"_links":{"self":[{"href":"https:\/\/osmangaziokullari.com\/ozluce-k\/wp-json\/wp\/v2\/pages\/2449"}],"collection":[{"href":"https:\/\/osmangaziokullari.com\/ozluce-k\/wp-json\/wp\/v2\/pages"}],"about":[{"href":"https:\/\/osmangaziokullari.com\/ozluce-k\/wp-json\/wp\/v2\/types\/page"}],"author":[{"embeddable":true,"href":"https:\/\/osmangaziokullari.com\/ozluce-k\/wp-json\/wp\/v2\/users\/1"}],"replies":[{"embeddable":true,"href":"https:\/\/osmangaziokullari.com\/ozluce-k\/wp-json\/wp\/v2\/comments?post=2449"}],"version-history":[{"count":1,"href":"https:\/\/osmangaziokullari.com\/ozluce-k\/wp-json\/wp\/v2\/pages\/2449\/revisions"}],"predecessor-version":[{"id":5391,"href":"https:\/\/osmangaziokullari.com\/ozluce-k\/wp-json\/wp\/v2\/pages\/2449\/revisions\/5391"}],"up":[{"embeddable":true,"href":"https:\/\/osmangaziokullari.com\/ozluce-k\/wp-json\/wp\/v2\/pages\/2445"}],"wp:featuredmedia":[{"embeddable":true,"href":"https:\/\/osmangaziokullari.com\/ozluce-k\/wp-json\/wp\/v2\/media\/1070"}],"wp:attachment":[{"href":"https:\/\/osmangaziokullari.com\/ozluce-k\/wp-json\/wp\/v2\/media?parent=2449"}],"curies":[{"name":"wp","href":"https:\/\/api.w.org\/{rel}","templated":true}]}}