{"id":906,"date":"2020-06-03T21:50:47","date_gmt":"2020-06-03T21:50:47","guid":{"rendered":"https:\/\/osmangaziokullari.com\/camlica-k\/?page_id=906"},"modified":"2020-06-18T14:30:35","modified_gmt":"2020-06-18T14:30:35","slug":"gizlilik-politikasi","status":"publish","type":"page","link":"https:\/\/osmangaziokullari.com\/camlica-k\/gizlilik-politikasi\/","title":{"rendered":"Gizlilik Politikas\u0131"},"content":{"rendered":"\n<h2>Gizlilik Politikas\u0131<\/h2>\n\n\n\n<p>Ki\u015fisel verileriniz, 6698 say\u0131l\u0131 Ki\u015fisel Verilerin Korunmas\u0131 Kanunu kapsam\u0131nda Osmangazi Okullar\u0131 taraf\u0131ndan i\u015flenebilecektir.<\/p>\n\n\n\n<p>Osmangazi Okullar\u0131 olarak , Veri Sorumlusu olarak haz\u0131rlad\u0131\u011f\u0131m\u0131z i\u015fbu Ayd\u0131nlatma Metni ile Kanun\u2019da yer alan \u201cVeri Sorumlusunun Ayd\u0131nlatma Y\u00fck\u00fcml\u00fcl\u00fc\u011f\u00fc\u201d kapsam\u0131nda hangi ama\u00e7lar ile ki\u015fisel verilerinizin i\u015flenece\u011fini, i\u015flenen ki\u015fisel verilerinizin kimlere ve hangi ama\u00e7la aktar\u0131labilece\u011fi, ki\u015fisel verilerinizin toplanmas\u0131n\u0131n y\u00f6ntemi ve hukuki sebebi ve Kanun\u2019un 11. Maddesinde say\u0131lan di\u011fer haklar\u0131n\u0131zla ilgili olarak a\u015fa\u011f\u0131daki \u015fekilde bilgi vermek isteriz:<\/p>\n\n\n\n<h3>Ki\u015fisel Verilerin \u0130\u015flenme Amac\u0131<\/h3>\n\n\n\n<p>Ki\u015fisel verileriniz, Ki\u015fisel Verilerin Korunmas\u0131 Kanunu\u2019nun 5 ve 6 numaral\u0131 maddelerinde belirtilen ki\u015fisel verilerin i\u015flenmesine ili\u015fkin \u015fartlara uygun olarak i\u015flenmektedir.<\/p>\n\n\n\n<p>Ki\u015fisel verileriniz, m\u00fc\u015fterilerimize sunulan \u00fcr\u00fcn ya da hizmetleri sa\u011flamak, geli\u015ftirmek, \u00fcr\u00fcn ve hizmetlerin kullan\u0131m\u0131na ili\u015fkin olarak geli\u015ftirilen faaliyetler uyar\u0131nca size hak ve menfaatler sa\u011flanmas\u0131, \u015firket i\u00e7i faaliyetlerin s\u00fcrd\u00fcr\u00fclmesi ve geli\u015ftirilmesi, taraf\u0131n\u0131zla i\u015f ili\u015fkilerinin y\u00fcr\u00fct\u00fclmesi amac\u0131 ba\u015fta olmak \u00fczere, a\u015fa\u011f\u0131da yer verilen ama\u00e7larla do\u011fru orant\u0131l\u0131 olarak i\u015flenebilecektir.<\/p>\n\n\n\n<p>Faaliyetlerin Mevzuata Uygun \u015eekilde Yerine Getirilmesi,Firmam\u0131z\u0131n hukuki ve ticari g\u00fcvenli\u011finin sa\u011flanmas\u0131, ticari faaliyetlerin s\u00fcrd\u00fcr\u00fclmesi\u0130\u015f Faaliyetlerinin Planlanmas\u0131 ve \u0130cras\u0131,\u0130\u015f s\u00fcre\u00e7lerinin y\u00fcr\u00fct\u00fclmesi, iyile\u015ftirilmesi,\u0130leti\u015fim faaliyetleri,S\u00f6zle\u015fme y\u00f6netimi, s\u00f6zle\u015fme yap\u0131lmas\u0131 ve uygulama,M\u00fc\u015fteri ili\u015fkilerinin y\u00f6netimi,Sat\u0131\u015f sonras\u0131 hizmetler,\u0130\u015f s\u00fcre\u00e7lerinden en y\u00fcksek verimin al\u0131nabilmesi i\u00e7in ilgili s\u00fcre\u00e7lerle etkile\u015fim ve icras\u0131,Denetim\/Etik Faaliyetlerinin Y\u00fcr\u00fct\u00fclmesi ,\u00dc\u00e7\u00fcnc\u00fc Taraflarla Olan \u0130li\u015fkilerin Y\u00f6netimi ,\u00dc\u00e7\u00fcnc\u00fc Taraflar\u0131n Bilgiye Eri\u015fim Yetkilerinin Planlanmas\u0131 ve \u0130cras\u0131 ,Lojistik\/Nakliye Faaliyetlerinin Planlanmas\u0131 ve \u0130cras\u0131,Acil Durum Y\u00f6netimi S\u00fcre\u00e7lerinin Planlanmas\u0131 ve \u0130cras\u0131,E\u011fitim Faaliyetlerinin Y\u00fcr\u00fct\u00fclmesi,\u015eirket Yerle\u015fkeleri ve\/veya Tesislerinin G\u00fcvenli\u011finin Temini,Yetkili Kurulu\u015flara Mevzuattan Kaynakl\u0131 Bilgi Verilmesi,Hukuk \u0130\u015flerinin Takibi,<\/p>\n\n\n\n<h3>Ki\u015fisel Verilerin Toplanma Y\u00f6ntemi<\/h3>\n\n\n\n<p>Osmangazi Okullar\u0131, do\u011frudan \u00fc\u00e7\u00fcnc\u00fc taraflar\u0131n kendisinden, yetkililerinden, \u00e7al\u0131\u015fanlar\u0131ndan gelen ki\u015fisel verileri, web sitesi, e-posta, anket, idari ve adli makamlardan gelen tebligatlar vb. ileti\u015fim kanallar\u0131 arac\u0131l\u0131\u011f\u0131yla i\u015fitsel, elektronik veya yaz\u0131l\u0131 olarak Ki\u015fisel Verilerin Korunmas\u0131 Kanunu\u2019nun 5 ve 6 numaral\u0131 maddelerinde belirtildi\u011fi \u015fekilde toplamaktad\u0131r.<\/p>\n\n\n\n<p>Kanunlarda ki\u015fisel verilerinizi i\u015fledi\u011fimiz s\u00fcrecin a\u00e7\u0131k\u00e7a \u00f6ng\u00f6r\u00fclmesiSizlerle bir s\u00f6zle\u015fme ili\u015fkisi kurmam\u0131z veya bu s\u00f6zle\u015fmeden kaynaklanan ifa y\u00fck\u00fcml\u00fcl\u00fc\u011f\u00fcm\u00fcz ile do\u011frudan do\u011fruya ilgili olmas\u0131 kayd\u0131yla, sizlere ait ki\u015fisel verilerin i\u015flenmesinin gerekli olmas\u0131.Hukuki y\u00fck\u00fcml\u00fcl\u00fc\u011f\u00fcm\u00fcz\u00fc yerine getirebilmek i\u00e7in zorunlu olan durumlarSizlerin ki\u015fisel verilerinizi payla\u015fman\u0131zSizlere bir hak tesis etmemiz, bu hakk\u0131 kulland\u0131rmam\u0131z ve korumam\u0131z i\u00e7in veri i\u015flemek zorunda olu\u015fumuzSizlerin temel hak ve \u00f6zg\u00fcrl\u00fcklerinize zarar vermemek kayd\u0131yla, sizlerin verilerini i\u015flememizin zorunlu olu\u015fu<\/p>\n\n\n\n<h3>Ki\u015fisel Verilerinizin Payla\u015f\u0131lmas\u0131<\/h3>\n\n\n\n<p>Ki\u015fisel verileriniz, hissedarlar, i\u015f ortaklar\u0131, tedarik\u00e7iler, m\u00fc\u015fteriler, d\u0131\u015f hizmet sa\u011flay\u0131c\u0131lar\u0131 ve kanunen yetkili kamu kurum ve kurulu\u015flar\u0131 ile Ki\u015fisel Verilerin Korunmas\u0131 Kanunu\u2019nun 8 ve 9 numaral\u0131 maddelerinde belirtilen \u015fartlara uygun olarak payla\u015f\u0131labilecektir.<\/p>\n\n\n\n<p>Ki\u015fisel verilerinizin payla\u015f\u0131m ama\u00e7lar\u0131 1. Maddede tan\u0131ml\u0131 i\u015flenme ama\u00e7lar\u0131 ile ili\u015fkili olarak yap\u0131lacakt\u0131r.<\/p>\n\n\n\n<h3>Ki\u015fisel Verilerin Korunmas\u0131na \u0130li\u015fkin \u00d6nlemler<\/h3>\n\n\n\n<p>Osmangazi Okullar\u0131, ki\u015fisel verilere yetkisiz eri\u015fim veya bu bilgilerin kayb\u0131, hatal\u0131 kullan\u0131m\u0131, if\u015fa edilmesi, de\u011fi\u015ftirilmesi veya imha edilmesine kar\u015f\u0131 korumak i\u00e7in gerekli \u00f6nlemleri almaktad\u0131r. Osmangazi Okullar\u0131, ki\u015fisel verilerinizi gizli tutmay\u0131, gizlili\u011fin sa\u011flanmas\u0131 ve g\u00fcvenli\u011fi i\u00e7in gerekli teknik ve idari tedbiri almay\u0131 ve gerekli \u00f6zeni g\u00f6stermeyi taahh\u00fct etmektedir.<\/p>\n\n\n\n<p>Osmangazi Okullar\u0131\u2019nin gerekli bilgi g\u00fcvenli\u011fi \u00f6nlemlerini almas\u0131na kar\u015f\u0131n web sitesine veya sistemlerine yap\u0131lan sald\u0131r\u0131lar sonucunda ki\u015fisel verilerin zarar g\u00f6rmesi veya \u00fc\u00e7\u00fcnc\u00fc ki\u015filerin eline ge\u00e7mesi durumunda, Osmangazi Okullar\u0131, bu durumu derhal sizlere ve Ki\u015fisel Verileri Koruma Kurulu\u2019na bildirir.<\/p>\n\n\n\n<h3>Ki\u015fisel Verilerinize \u0130li\u015fkin Kanun\u2019dan Do\u011fan Haklar\u0131n\u0131z<\/h3>\n\n\n\n<p>Kanun gere\u011fince ki\u015fisel verilerinize ili\u015fkin olarak a\u015fa\u011f\u0131daki haklara sahipsiniz:<\/p>\n\n\n\n<p>Ki\u015fisel veri i\u015flenip i\u015flenmedi\u011fini \u00f6\u011frenme,Ki\u015fisel verileri i\u015flenmi\u015fse buna ili\u015fkin bilgi talep etme,Ki\u015fisel verilerin i\u015flenme amac\u0131n\u0131 ve bunlar\u0131n amac\u0131na uygun kullan\u0131l\u0131p kullan\u0131lmad\u0131\u011f\u0131n\u0131 \u00f6\u011frenme,Yurt i\u00e7inde veya yurt d\u0131\u015f\u0131nda ki\u015fisel verilerin aktar\u0131ld\u0131\u011f\u0131 \u00fc\u00e7\u00fcnc\u00fc ki\u015fileri bilme,Ki\u015fisel verilerin eksik veya yanl\u0131\u015f i\u015flenmi\u015f olmas\u0131 h\u00e2linde bunlar\u0131n d\u00fczeltilmesini isteme,Kanun\u2019un 7. maddesinde \u00f6ng\u00f6r\u00fclen \u015fartlar \u00e7er\u00e7evesinde ki\u015fisel verilerin silinmesini veya yok edilmesini isteme,5 ve 6 numaral\u0131 maddeler uyar\u0131nca yap\u0131lan i\u015flemlerin ki\u015fisel verilerin aktar\u0131ld\u0131\u011f\u0131 \u00fc\u00e7\u00fcnc\u00fc ki\u015filere bildirilmesini isteme,\u0130\u015flenen verilerin m\u00fcnhas\u0131ran otomatik sistemler vas\u0131tas\u0131yla analiz edilmesi suretiyle ki\u015finin kendisi aleyhine bir sonucun ortaya \u00e7\u0131kmas\u0131na itiraz etme,Ki\u015fisel verilerin kanuna ayk\u0131r\u0131 olarak i\u015flenmesi sebebiyle zarara u\u011framas\u0131 h\u00e2linde zarar\u0131n giderilmesini talep etme.Yukar\u0131da belirtilen haklar\u0131n\u0131z\u0131 kullanmak i\u00e7in Osmangazi Okullar\u0131\u2019ye yaz\u0131l\u0131 olarak ba\u015fvurabilir, web sitesinden eri\u015febilece\u011finiz Ki\u015fisel Veri Sahibin Veri Sorumlusuna Yapaca\u011f\u0131 Ba\u015fvurular \u0130\u00e7in Ba\u015fvuru Formu\u2019nu doldurarak ya da s\u00f6z konusu ba\u015fvuruyu a\u015fa\u011f\u0131da belirtilen adres bilgilerine g\u00f6nderebilirsiniz. Bu kapsamda yapaca\u011f\u0131n\u0131z ba\u015fvurular m\u00fcmk\u00fcn olan en k\u0131sa zaman diliminde ve en \u00e7ok 30 g\u00fcn i\u00e7erisinde sonu\u00e7land\u0131r\u0131lacakt\u0131r.<\/p>\n","protected":false},"excerpt":{"rendered":"<p>Gizlilik Politikas\u0131 Ki\u015fisel verileriniz, 6698 say\u0131l\u0131 Ki\u015fisel Verilerin Korunmas\u0131 Kanunu kapsam\u0131nda Osmangazi Okullar\u0131 taraf\u0131ndan i\u015flenebilecektir. Osmangazi Okullar\u0131 olarak , Veri Sorumlusu olarak haz\u0131rlad\u0131\u011f\u0131m\u0131z i\u015fbu Ayd\u0131nlatma Metni ile Kanun\u2019da yer alan \u201cVeri Sorumlusunun Ayd\u0131nlatma Y\u00fck\u00fcml\u00fcl\u00fc\u011f\u00fc\u201d kapsam\u0131nda hangi ama\u00e7lar ile ki\u015fisel verilerinizin i\u015flenece\u011fini, i\u015flenen ki\u015fisel verilerinizin kimlere ve hangi ama\u00e7la aktar\u0131labilece\u011fi, ki\u015fisel verilerinizin toplanmas\u0131n\u0131n y\u00f6ntemi ve hukuki [&#8230;]\n","protected":false},"author":1,"featured_media":0,"parent":0,"menu_order":0,"comment_status":"closed","ping_status":"closed","template":"","meta":[],"_links":{"self":[{"href":"https:\/\/osmangaziokullari.com\/camlica-k\/wp-json\/wp\/v2\/pages\/906"}],"collection":[{"href":"https:\/\/osmangaziokullari.com\/camlica-k\/wp-json\/wp\/v2\/pages"}],"about":[{"href":"https:\/\/osmangaziokullari.com\/camlica-k\/wp-json\/wp\/v2\/types\/page"}],"author":[{"embeddable":true,"href":"https:\/\/osmangaziokullari.com\/camlica-k\/wp-json\/wp\/v2\/users\/1"}],"replies":[{"embeddable":true,"href":"https:\/\/osmangaziokullari.com\/camlica-k\/wp-json\/wp\/v2\/comments?post=906"}],"version-history":[{"count":4,"href":"https:\/\/osmangaziokullari.com\/camlica-k\/wp-json\/wp\/v2\/pages\/906\/revisions"}],"predecessor-version":[{"id":993,"href":"https:\/\/osmangaziokullari.com\/camlica-k\/wp-json\/wp\/v2\/pages\/906\/revisions\/993"}],"wp:attachment":[{"href":"https:\/\/osmangaziokullari.com\/camlica-k\/wp-json\/wp\/v2\/media?parent=906"}],"curies":[{"name":"wp","href":"https:\/\/api.w.org\/{rel}","templated":true}]}}